g + 2061. Calculate c(-28).
-179
Let s(j) = -36*j**3 - 431*j**2 - 7*j - 67. Calculate s(-12).
161
Let s(j) = -2783*j - 358981. Calculate s(-129).
26
Let w(x) = 341*x**2 - 4092*x + 263. Give w(12).
263
Let j(q) = 29*q**2 + 49160*q + 8469. Calculate j(-1695).
-6
Let m(t) = -52*t - 2838. What is m(-69)?
750
Let v(s) = -307*s - 37039. Calculate v(-121).
108
Let p(j) = -26933*j - 134656. What is p(-5)?
9
Let m(b) = -78*b**2 + 20959*b + 6177. Determine m(269).
-10
Let n(g) = 110318*g**2 - 220616*g - 6. What is n(2)?
34
Let g(a) = -9*a**2 - 1687*a - 2401. Give g(-186).
17
Let n(y) = -10*y**2 - 124*y - 87. What is n(-16)?
-663
Let m(u) = u**3 - 21*u**2 + 173*u - 2563. What is m(19)?
2
Let c(j) = -44*j**2 + 1307*j - 5404. What is c(5)?
31
Let h(b) = -4603*b - 50636. Determine h(-11).
-3
Let k(i) = 4*i**3 - 191*i**2 - 50*i - 1275. What is k(48)?
-1371
Let i(x) = 31*x**2 - 441*x + 1104. What is i(11)?
4
Let m(g) = g**3 - 514*g**2 - 7372*g - 10575. Give m(528).
-15
Let p(g) = -6*g**2 + 722*g - 18035. What is p(26)?
-3319
Let p(h) = -30*h**2 + 4255*h - 46336. Determine p(130).
-186
Let p(n) = n**3 - 23*n**2 + 4*n - 325. Determine p(25).
1025
Let m(s) = -37*s**2 + 584*s + 26504. Determine m(-20).
24
Let t(z) = 393*z + 6893. Calculate t(-17).
212
Let d(c) = -2*c**2 + 501*c - 26021. Calculate d(177).
-2
Let z(o) = o**3 - 19*o**2 + 1287*o + 7040. Calculate z(-5).
5
Let n(c) = -c**2 + 105*c + 843. Calculate n(107).
629
Let a(o) = o**3 - 21*o**2 - 18000*o + 2901. Calculate a(145).
1
Let v(a) = -50*a**2 - 200*a + 1600. Determine v(4).
0
Let g(i) = 443*i - 350424. Determine g(791).
-11
Let d(c) = 2*c**3 + 22*c**2 - 752*c - 9309. What is d(-17)?
7
Let n(k) = -13331*k + 226630. Calculate n(17).
3
Let z(o) = -4259285*o + 17037140. Calculate z(4).
0
Let f(g) = -2237*g - 161101. Give f(-72).
-37
Let w(p) = 12*p**3 + 155*p**2 + 33*p - 15. What is w(-13)?
-613
Let s(d) = 8*d**3 + 14*d**2 + 46*d + 176. What is s(-6)?
-1324
Let d(f) = 26*f**2 - 2233*f - 30790. What is d(98)?
80
Let q(h) = h**2 + 5270*h + 291969. What is q(-56)?
-15
Let u(v) = v**2 - 65*v + 584. What is u(56)?
80
Let u(i) = -34*i**2 + 40*i - 200. What is u(7)?
-1586
Let q(w) = -515*w + 8318. Calculate q(16).
78
Let a(c) = 261*c - 21463. What is a(82)?
-61
Let q(a) = 2*a**2 + 14377*a - 1354369. Give q(93).
-10
Let z(o) = o**3 + 116*o**2 + 200*o + 1. Calculate z(-2).
57
Let a(k) = -106*k**2 - 44*k + 2640. Determine a(-5).
210
Let o(d) = 142*d - 7408. Give o(51).
-166
Let p(j) = 4*j**2 + 486*j + 5062. Determine p(-110).
2
Let h(w) = 143*w + 440. Calculate h(-7).
-561
Let s(o) = 7*o**3 + 125*o**2 + 49*o - 916. Give s(-17).
-15
Let f(w) = -8*w**2 - 859*w + 9610. What is f(11)?
-807
Let f(w) = -w**3 + 106*w**2 - 811*w + 85937. Give f(106).
-29
Let f(l) = 73*l**2 + 610*l - 13. What is f(-9)?
410
Let d(v) = -2*v**3 + 91*v**2 - 476*v + 19299. Give d(45).
-96
Let g(a) = -a**2 - 171473*a + 10120386. Determine g(59).
-2
Let z(j) = -2*j**3 + 13*j**2 + 1477*j - 10331. Give z(7).
-41
Let s(f) = f**2 - 1415*f + 14056. Give s(10).
6
Let j(t) = -t**3 - 17*t**2 - 111*t - 1143. Determine j(-16).
377
Let y(w) = 3*w**3 - 148*w**2 + 1083*w + 51. What is y(9)?
-3
Let u(i) = 3758*i - 1593383. Determine u(424).
9
Let u(d) = -2*d**2 + 838*d - 41113. What is u(57)?
155
Let x(m) = -2*m**2 - 34*m - 1044. Give x(0).
-1044
Let t(x) = -15333*x + 76037. What is t(5)?
-628
Let q(w) = 5*w**3 + 26*w**2 - 1782*w - 10914. Determine q(-6).
-366
Let h(v) = 2*v**2 - 249*v + 1602. Calculate h(120).
522
Let z(b) = b**2 - 79*b - 4164. What is z(115)?
-24
Let u(h) = h**3 + 17*h**2 + 688*h + 12449. Determine u(-18).
-259
Let p(a) = -a**2 + 6220*a - 18648. Determine p(3).
3
Let r(d) = 95*d**2 - 578*d + 540. Determine r(5).
25
Let l(f) = -2*f**3 + 43*f**2 - 246*f + 2162. Determine l(18).
2
Let o(w) = 23*w**2 + 256*w - 231. Give o(-13).
328
Let i(u) = -68494*u + 410978. Calculate i(6).
14
Let o(l) = -1308*l - 7830. Calculate o(-6).
18
Let l(c) = 16267*c + 65047. What is l(-4)?
-21
Let s(h) = -808*h**2 + 63024*h - 1. What is s(78)?
-1
Let i(h) = -h**3 + 181*h**2 + 333*h + 5860. Determine i(183).
-179
Let a(m) = -m**3 - 265*m**2 + 681*m - 32996. Determine a(-268).
-32
Let x(t) = -845*t - 52408. Give x(-62).
-18
Let a(r) = -2*r**3 + 234*r**2 + 2589*r - 350636. Determine a(115).
-1
Let z(j) = -j**2 + 114*j - 521. What is z(110)?
-81
Let t(g) = -3272*g + 3161. Determine t(1).
-111
Let a(c) = -2*c**3 - 21*c**2 - 55*c + 273. Give a(-9).
525
Let n(y) = y**2 + 135*y + 2067. What is n(-17)?
61
Let j(q) = 4*q**2 - 516*q - 71565. Determine j(-84).
3
Let q(z) = -6*z**3 - 36*z**2 + 112*z + 689. Determine q(-6).
17
Let g(l) = 2*l**2 - 187*l - 2597. Calculate g(-13).
172
Let g(r) = 18568*r - 22040223. Calculate g(1187).
-7
Let o(g) = -2*g**2 - 38061*g + 5522261. Give o(144).
5
Let v(d) = d**2 - 203*d + 1351. Give v(9).
-395
Let d(i) = -314*i**2 - 304*i + 890. Determine d(3).
-2848
Let w(r) = 3*r**2 - 108*r + 402. Determine w(25).
-423
Let z(p) = 2545*p + 580137. Determine z(-228).
-123
Let l(b) = 613*b - 5743. Calculate l(10).
387
Let d(r) = -4*r**3 + 817*r**2 + 615*r - 207. What is d(205)?
-207
Let n(x) = -13*x**3 + 275*x**2 + 549*x - 251. What is n(23)?
-320
Let c(l) = 2*l**3 - 8*l**2 - 477*l - 75. Give c(17).
-670
Let g(j) = -3*j**2 + 8258*j - 365515. Determine g(45).
20
Let c(h) = -h**2 + 17*h - 146. What is c(30)?
-536
Let c(d) = 853*d - 15287. Give c(18).
67
Let i(k) = k**3 - 15*k**2 + 34*k - 24. Give i(10).
-184
Let i(c) = 4890*c - 43996. Give i(9).
14
Let l(i) = -i**2 + 380*i + 3843. What is l(-10)?
-57
Let v(n) = 4*n**3 + 287*n**2 - 90*n - 1183. What is v(-72)?
113
Let x(n) = 351*n - 9472. What is x(27)?
5
Let z(v) = -4*v**3 - 54*v**2 + 59*v + 1097. Give z(-13).
-8
Let y(m) = 2*m**3 + 59*m**2 - 87*m - 1747. Determine y(-30).
-37
Let l(s) = 102*s**2 - 4287*s + 242. Give l(42).
116
Let g(f) = -f**3 - 9*f**2 - 32*f - 112. Give g(-10).
308
Let z(w) = 69*w**3 - 195*w**2 - 12*w - 23. Calculate z(3).
49
Let z(x) = x**3 + 71*x**2 + 272*x + 757. Give z(-67).
489
Let k(j) = -1508*j + 1146082. Determine k(760).
2
Let h(x) = -2*x**3 + 85*x**2 + x + 31. Calculate h(0).
31
Let g(f) = -53512*f + 12147215. Give g(227).
-9
Let d(g) = 4*g**3 - 59*g**2 - 118*g + 33. Give d(17).
628
Let z(x) = 340*x**2 + 2928*x - 330. Give z(-9).
858
Let g(o) = 761*o - 17484. What is g(22)?
-742
Let n(y) = -5*y**2 + 27940*y + 60. Calculate n(0).
60
Let y(k) = -3*k**3 - 582*k**2 - 681*k - 19691. Calculate y(-193).
-5
Let s(l) = 2236*l - 371171. Give s(166).
5
Let v(r) = 7*r**2 - 94*r - 1786. Give v(24).
-10
Let l(v) = -2009*v + 12067. Calculate l(6).
13
Let z(v) = -v**3 + 23*v**2 - 105*v - 28. Determine z(7).
21
Let b(w) = -4*w**2 - 140*w - 556. Determine b(-4).
-60
Let i(x) = x**3 + 17*x**2 - 128725*x - 772745. What is i(-6)?
1
Let w(c) = -218219*c - 5455486. What is w(-25)?
-11
Let x(g) = -7*g**2 + 749*g - 8964. Give x(93).
150
Let j(s) = -2*s**2 - 131*s - 3554. Calculate j(-52).
-2150
Let a(w) = 13393*w**2 - 388391*w - 158. Determine a(29).
16
Let q(w) = w**3 + 176*w**2 + 944*w + 15243. Give q(-171).
24
Let v(p) = 2417*p + 137769. Determine v(-57).
0
Let z(r) = 224908*r + 899512. Determine z(-4).
-120
Let k(w) = 2*w**3 - 195*w**2 + 109*w - 1142. Determine k(97).
22
Let g(f) = -f**2 + 21*f + 585. What is g(-18)?
-117
Let n(p) = p**2 + 141*p + 4733. Determine n(-54).
35
Let p(j) = -247*j + 21989. What is p(93)?
-982
Let v(g) = 53*g**2 - 1042*g + 1. Give v(20).
361
Let z(f) = 284879*f - 1139506. Calculate z(4).
10
Let a(f) = -188*f**3 + 12032*f**2 - 12*f + 763. Give a(64).
-5
Let y(k) = -2231*k - 63027. Give y(-28).
-559
Let d(q) = -97045*q - 2134989. Determine d(-22).
1
Let i(q) = -8441*q + 1916107. Give i(227).
0
Let z(w) = w**2 - 3168*w + 893613. Determine z(313).
-2
Let q(j) = -j**3 - 5120*j**2 + 948525*j - 728. What is q(179)?
-12
Let l(p) = 504*p**2 + 8612*p + 301. What is l(-17)?
-447
Let b(m) = -2*m**3 - 21*m**2 + 70*m + 61. Calculate b(-13).
-4
Let q(r) = 9454*r - 113461. What is q(12)?
-13
Let z(o) = -4*o**2 - 1472*o + 8810. Give z(-374).
-166
Let a(l) = 6*l**2 + 888*l - 24760. What is a(24)?
8
Let r(s) = -31*s**3 - 6*s**2 - 22*s - 18. Give r(-1).
29
Let b(l) = 2*l**2 + 8081*l - 121666. What is b(15)?
-1
Let m(f) = -f**3 - 59*f**2 + 42*f + 116. Calculate m(-60).
1196
Let h(u) = u**3 - 